 is the units digit of y?
8
Let j be 6 + (-1 - -1) + -1. Suppose 0 = -b + j, -16 = -3*w - 4*b + 7. What is the units digit of w?
1
Let n(b) = 4*b**3 + b**2 - 3*b + 2. What is the units digit of n(2)?
2
Suppose -4*x - 3*v = -2, -v + 1 = 3*x + v. Let u be x/5 - (-22)/10. Suppose u = 2*f - f. What is the units digit of f?
2
Let g(u) = -u**3 + 5*u**2 - 3*u - 3. Let i = 1 + 1. Suppose 12 = i*y + y. What is the units digit of g(y)?
1
Let b(m) = -3*m + 2. Let y be b(4). Let r = y + 16. What is the units digit of r?
6
Suppose -6*q + 4*q + 302 = 0. What is the hundreds digit of q?
1
Let q = -22 - -13. Let i = -8 - q. What is the units digit of i?
1
Let d(g) be the first derivative of 4*g**2 + g + 1. What is the units digit of d(4)?
3
What is the units digit of 5380/12 - 4/(-12)*5?
0
Suppose -83 = -w - 3*c + 77, 5 = c. Suppose -q + 5*r + w = 4*q, 5*q - 4*r = 144. What is the units digit of q?
8
Suppose 0 = -4*b - t + 356, -4*b - 120 + 480 = 2*t. What is the units digit of b?
8
Suppose s + 3*m = -4*s + 1352, -5*s = 5*m - 1350. What is the tens digit of s?
7
Let i = -117 + 350. What is the hundreds digit of i?
2
Let x = -3 + 5. Suppose -5*q - 65 = -3*n, -9 = -x*n - 5*q + 1. What is the tens digit of n?
1
Suppose 0 = -0*i + 5*i - 25. Let o(y) = y**3 - 6*y**2 + 4*y + 2. Let q be o(i). What is the units digit of (24/9)/((-1)/q)?
8
Let b(k) = -10*k - 1. Let d = 2 - 2. Suppose -x + 4*m - 3 - 2 = 0, -5*x + 3*m - 8 = d. What is the units digit of b(x)?
9
Suppose 298 = 2*o - 310. What is the tens digit of o?
0
Let a(f) = -f**3 + 5*f**2 + 13*f + 10. Let l be a(7). Let u(n) be the second derivative of n**5/20 - n**3/6 - 3*n**2/2 + n. What is the units digit of u(l)?
1
Let h be 1*-2*10/4. What is the units digit of ((-2)/(-3))/(h/(-30))?
4
Let w(s) = -9*s**3 + s**2 - s - 1. Suppose -2 = 5*k + 3. Let b be w(k). What is the units digit of -5*(12/b - 2)?
4
Let f(v) = v**2 - 5*v + 1. Let n be f(3). Let a be 7*3 + 2 + n. What is the tens digit of (a/(-5))/((-1)/5)?
1
Suppose g - 580 = -4*f - 76, 0 = -g - 4. What is the tens digit of f?
2
Let l be 4*2/4 - -2. Suppose 2*q = 4*i - l, 2*q = q + i + 1. What is the units digit of q?
4
Suppose 3*q = -3*j + 54, -2*j + 3*j = -2*q + 20. Suppose 4*n - 2*n - j = 0. What is the units digit of n?
8
Let z(q) = -q - 2. Let s be z(0). Let k = 4 - s. What is the units digit of k?
6
Let f(b) = 6*b + 2. Let r be f(3). Let p be 6/(-9)*(-9)/2. Suppose 5*u - r = -5*w, p*u + w - 12 = -4*w. What is the units digit of u?
4
Let d(h) = 1 - 1 + 4 + h**3 - 6*h**2. Let n = -15 - -21. What is the units digit of d(n)?
4
Let r(n) = 2*n**2 - n - 1. Let t be r(2). Suppose t*p + 25 = -0*p. Let v = p + 6. What is the units digit of v?
1
Let s(x) = -21*x - 4. What is the hundreds digit of s(-5)?
1
Suppose 12 = 3*k, -2*t - 35 = -5*t - 5*k. Suppose 3*p - 3*o + 8 = 26, 0 = p + t*o + 12. What is the units digit of p?
3
Suppose 3*y = 153 - 33. Let t = y + -25. What is the units digit of t?
5
Let i(k) = k + 5. Let y be i(5). Suppose c - y = -c. What is the units digit of c?
5
Suppose -2*z = -0*z - 16. Let d(x) = -x**3 - 2*x**2 + 5*x + 4. Let k be d(-3). What is the units digit of (-16)/k*4/z?
4
Suppose 11*z - 6*z = 225. What is the tens digit of z?
4
Let a(x) = 4*x - 1. Let f be a(-2). Let h(l) be the third derivative of -l**6/120 - 2*l**5/15 + 7*l**4/24 - l**3 + l**2. What is the units digit of h(f)?
2
Let u(w) = -w**3 - 7*w**2 + 2*w + 8. Let m = -3 - 4. Let p be u(m). What is the units digit of (-44)/p - 5/15?
7
Let y(r) = r**3 - 4*r**2 + r - 2. Let t be y(4). Suppose -7*a + t*a + 55 = 0. Suppose g = -3 + a. What is the units digit of g?
8
Suppose -f + 5*t = 7, 0*f = f + 2*t. What is the units digit of f/6 + 8/6?
1
Suppose -x + 100 = -157. What is the hundreds digit of x?
2
Suppose b = 3*z + 36, -4*z - 2*b + 7*b = 59. Suppose -1 = -3*w - 58. Let p = z - w. What is the units digit of p?
8
Suppose -3*m + 54 = 4*d - 104, m + 5*d = 38. What is the tens digit of m?
5
Suppose 8*i - 3*i - 130 = -5*f, -2*i - 44 = -2*f. What is the units digit of f?
4
Suppose -2*n = 3*j - 17, j + 1 = -3*n + 30. Let a be n/3*12/8. Suppose -5*c = a*p + 15, 3*p + c = -2*p + 5. What is the units digit of p?
2
Let c(p) = p - 4. Let m be c(6). Let o(k) be the first derivative of k**4/4 + k**3 - k**2 - 2*k - 13. What is the tens digit of o(m)?
1
Suppose 0 = 2*t + v - 51, v = t - 2*t + 24. What is the units digit of (t/(-36))/((-2)/24)?
9
Let y(b) = -b + 1. Let w be y(2). Let d = w - -4. What is the units digit of d?
3
Let x(g) = 84*g + 2. What is the units digit of x(2)?
0
Suppose 3 + 2 = -v. Let a(f) = -f + 2. Let m be a(v). Let b = -1 + m. What is the units digit of b?
6
Let w(c) = c**3 - c**2 + c + 1. Let l(z) = 2*z**3 - 10*z**2 + 3. Let y(v) = l(v) - 3*w(v). What is the units digit of y(-7)?
1
Let d be (-6)/(-9) - 406/(-3). Suppose -4*g + 52 = d. Let w = 37 + g. What is the tens digit of w?
1
Let t(g) = -g**3 + 19*g**2 + 13*g - 23. What is the units digit of t(19)?
4
Let v = 35 - -180. What is the hundreds digit of v?
2
What is the tens digit of 4/(-3 - 102/(-33))?
4
Suppose 5*y + 34 = 2*p, 0*y + 62 = 2*p + 2*y. What is the tens digit of p?
2
Let k = 1 + 1. Let a(u) = -5 - 2*u - 2*u - u + k. What is the tens digit of a(-3)?
1
Suppose -3*c + 17 - 95 = 0. Let k = 45 + c. What is the tens digit of k?
1
Suppose -183 = 8*r - 839. What is the units digit of r?
2
Let u = -7 + 11. What is the units digit of u?
4
Suppose 32 = 5*q - 8. Let k = 11 - q. Suppose 5 + 19 = k*b. What is the units digit of b?
8
Suppose 9*k - 5*k = 152. What is the tens digit of k?
3
Let v(y) = -y + 1. Let r be v(-4). Suppose 2*g = 4*h + r*g - 5, -3*h = -g - 20. Suppose 0 = -2*d + h - 1. What is the units digit of d?
2
What is the tens digit of (198/8)/((-2)/(-8))?
9
Let m(c) be the third derivative of -c**6/120 - c**5/30 + c**4/6 + c**3/2 - c**2. Let h be m(-3). What is the units digit of h*2/(-4) - -5?
5
Let f be (-8)/20 - (-22)/5. Let t be 0/(-2 + 0 - -1). Suppose 30 = f*k - 2*c, -2*c + t*c = k. What is the units digit of k?
6
Let j = 398 - 238. What is the tens digit of j?
6
Suppose -f = 3*f - 20. Suppose -2 = -f*x + 3. What is the units digit of x?
1
Suppose -7*j = -202 - 715. What is the units digit of j?
1
Let c = -1 - -1. Suppose -6*t + t + 2*n + 106 = c, 0 = -3*n - 9. What is the units digit of t?
0
Let m be (-2)/4*132/(-6). Let t = m - 0. What is the units digit of t?
1
Let x(l) = l**2 + l. What is the units digit of x(-7)?
2
Let u(q) = q**3 - 4*q**2 + 2*q + 1. Let c be u(2). What is the tens digit of 19/(c/(-1) + -2)?
1
Let b be (-2)/(-6)*(12 - 0). Let o = b - -3. What is the units digit of o?
7
Let u(q) = 3*q**2 - 4*q - 3. Let c be u(4). Let f = 55 - c. What is the tens digit of f?
2
Let k(h) = -h - 8. Let j be k(-8). Suppose -4*s = -3*s - 5. Let m = s - j. What is the units digit of m?
5
Let b = -3 - -5. Suppose 6 = n + b. Suppose -3*y + 8*y = n*c + 19, 17 = 4*y - 5*c. What is the units digit of y?
3
Let i(j) = 49*j. What is the tens digit of i(1)?
4
Let m(i) = i - 8. Let l be m(8). Suppose l*w = -4*w + 8. What is the units digit of w?
2
Let q be (2 - (4 - 3))/1. Suppose -14 - 1 = -3*l. Suppose -4*g = q - l. What is the units digit of g?
1
Suppose 48*q + 1145 = 53*q. What is the tens digit of q?
2
Let f(w) = 17*w**2. What is the units digit of f(2)?
8
Let h(s) = s**3 - 4*s**2 + 2. Let f be 6*(-1)/(-1) - 2. Let o be h(f). Let y(k) = k**3 - k**2 + k + 1. What is the units digit of y(o)?
7
Let v = 9 + -7. Suppose -3*m + 75 = 7*s - 3*s, -4*s = v*m - 54. What is the units digit of m?
1
Let u(s) = 5*s + 0*s**2 + 4 + 6*s**2 - s**3 + 2*s**3 + 0. Let k be (-22)/5 + (-10)/(-25). What is the tens digit of u(k)?
1
Let q(z) = z**3 + 8*z**2 + 4*z + 3. Let j(b) = -3*b + 23. Let o be j(10). What is the tens digit of q(o)?
2
Let o be (3 + -4)*-3*1. Suppose o*q + q = 20. What is the units digit of q?
5
Let t(s) = s - 4. Let i be t(6). Let z be (0 - i)*2/(-4). Suppose -z = -5*r + 34. What is the units digit of r?
7
Let l(m) = m**3 + 11*m**2 + m + 15. Suppose 2*v = 3*v + 11. Let p be l(v). Suppose p*g = 4*r - 36, 12 = -3*g - 0. What is the units digit of r?
5
What is the hundreds digit of 1*1/(-4) - (-14424)/96?
1
Suppose 12*b + 78 = 14*b. What is the tens digit of b?
3
Let i(r) = r**3 + 6*r**2 + 5*r + 6. Let b(t) = t**3 + 5*t*